 - -4?
230cb
In base 11, what is a3424 + -5?
a341a
In base 14, what is 1 + a92b3?
a92b4
In base 7, what is -14444 - -62?
-14352
In base 7, what is 46651 + 16?
50000
In base 9, what is 12752 - 64?
12677
In base 3, what is 202 + 122100?
200002
In base 8, what is 23 + 137454?
137477
In base 8, what is -30 + -253471?
-253521
In base 2, what is 0 - 101010001000?
-101010001000
In base 3, what is 1022220122 - 1?
1022220121
In base 14, what is 128c - -14?
12a2
In base 4, what is 110021 - -112?
110133
In base 13, what is 9 + 11b96?
11ba2
In base 4, what is -3201 - -1101?
-2100
In base 7, what is 15 + 45422?
45440
In base 13, what is 3a - -7a1?
80b
In base 13, what is 467 - 71?
3c6
In base 5, what is 13340 + 20410?
34300
In base 6, what is 432553 + -12?
432541
In base 2, what is -101100000100110 - 111?
-101100000101101
In base 2, what is 100001001100 + 101011?
100001110111
In base 16, what is 33 + 68ff?
6932
In base 5, what is 210222 + 0?
210222
In base 5, what is -440112 - 112?
-440224
In base 12, what is -1a443 + 4?
-1a43b
In base 8, what is 4 - 231725?
-231721
In base 14, what is 2 + -702c?
-702a
In base 10, what is 81 + -20887?
-20806
In base 3, what is 10202 - 1121122022?
-1121111120
In base 11, what is 21387 - 13?
21374
In base 7, what is 2010 + -402?
1305
In base 8, what is 332311 + -5?
332304
In base 2, what is -11101111001 + -10100011110?
-110010010111
In base 10, what is -2552 - -6?
-2546
In base 3, what is 11000 + 100221121?
101002121
In base 9, what is -836 - -6086?
5150
In base 12, what is 1 + -11b3?
-11b2
In base 5, what is 1 + -404112?
-404111
In base 11, what is 2750 + 4?
2754
In base 6, what is 4005 - -531?
4540
In base 3, what is 212 + 2222210?
10000122
In base 9, what is -2047 + 1106?
-841
In base 12, what is 913 - 19?
8b6
In base 6, what is -3215 + -100?
-3315
In base 12, what is -7 - -1184?
1179
In base 15, what is 4 - 18964?
-18960
In base 4, what is 2 + 1130131002?
1130131010
In base 14, what is -4656 - -88?
-45ac
In base 16, what is 44 + -71e?
-6da
In base 16, what is -17 + -93c?
-953
In base 15, what is 1eb2e + 4d?
1eb7c
In base 14, what is 13 - 2b9?
-2a6
In base 3, what is 11 - 1000221200?
-1000221112
In base 15, what is 10 - -11174?
11184
In base 6, what is 34245 - -2?
34251
In base 10, what is 176 + -2016?
-1840
In base 11, what is -67 + -1314?
-1380
In base 7, what is 22140 - -521?
22661
In base 10, what is 14 - -103?
117
In base 7, what is -2620343 - -11?
-2620332
In base 15, what is -8 + -3ac?
-3b5
In base 9, what is -24214 + 4?
-24210
In base 8, what is 75015 + -71?
74724
In base 7, what is 123 + -13145?
-13022
In base 11, what is -2663 + -6?
-2669
In base 4, what is 310 - -101111?
102021
In base 14, what is -a53 - -19?
-a38
In base 11, what is 1661 - -21?
1682
In base 12, what is 17 + 144?
15b
In base 6, what is 150141 + 25?
150210
In base 11, what is 588 - 1453?
-976
In base 4, what is -103203231 - -133?
-103203032
In base 13, what is 592 + -338?
257
In base 8, what is -3 - 20175?
-20200
In base 10, what is 6 + -51386?
-51380
In base 12, what is -11 - -2045a?
20449
In base 13, what is b7 - 2b1?
-1c7
In base 5, what is -34044 + 4042?
-30002
In base 15, what is 3 - 3d1a?
-3d17
In base 9, what is 1 - 1003105?
-1003104
In base 6, what is 0 + -2341355?
-2341355
In base 14, what is 2549 - -69?
25b4
In base 13, what is 2 - -28083?
28085
In base 4, what is 13 + 13132133?
13132212
In base 3, what is -12 - 210012220110?
-210012220122
In base 5, what is 132323 - -14?
132342
In base 7, what is 2426 + -110?
2316
In base 11, what is -142 + -105?
-247
In base 13, what is -8a699c - -5?
-8a6997
In base 12, what is -5 + -79022?
-79027
In base 6, what is 0 - 53134?
-53134
In base 16, what is -3 + 5f0a?
5f07
In base 15, what is -1b9ba - 1b?
-1b9d6
In base 8, what is 366 - 4062?
-3474
In base 12, what is -16b + 2039?
1a8a
In base 8, what is 11 - 103103?
-103072
In base 15, what is -5dd9 + 0?
-5dd9
In base 12, what is b86 + -76?
b10
In base 16, what is -42 - 2951?
-2993
In base 5, what is 2121342 - -122?
2122014
In base 14, what is -1725 - 3b?
-1762
In base 4, what is 101223021 + 0?
101223021
In base 5, what is 12410 + 1234?
14144
In base 5, what is 343424 - 424?
343000
In base 13, what is 59113 - 4?
5910c
In base 15, what is 21ea - -c?
2207
In base 8, what is -2766 - -70?
-2676
In base 3, what is -10122 - 1111012122?
-1111100021
In base 14, what is -2a4 - 5c?
-322
In base 9, what is -8174258 + -5?
-8174264
In base 2, what is -11101101100000 + 1001?
-11101101010111
In base 15, what is 5c + 21d?
27a
In base 4, what is 303011 - -3?
303020
In base 8, what is -1 + 3732257?
3732256
In base 7, what is -1152 + 1553?
401
In base 4, what is -23 + -232301?
-232330
In base 13, what is 8 + -1bb731?
-1bb726
In base 14, what is -44d - -46?
-407
In base 7, what is 204 + 462?
666
In base 8, what is 4703 - 322?
4361
In base 11, what is -161 + -800?
-961
In base 5, what is -1004 - 3102?
-4111
In base 7, what is 4 - -1532016?
1532023
In base 6, what is -23 - 132031?
-132054
In base 9, what is -11153068 + -4?
-11153073
In base 5, what is 2 - 1213104?
-1213102
In base 2, what is -10010001000111 - 11011?
-10010001100010
In base 7, what is -33043 + -43?
-33116
In base 10, what is -100 - -54453?
54353
In base 16, what is -8 - -2911?
2909
In base 15, what is 13 + 1d18?
1d2b
In base 5, what is -144314 - -421?
-143343
In base 6, what is -33115 + -424?
-33543
In base 12, what is 255b - -126?
2685
In base 10, what is 47 + 352?
399
In base 4, what is -112222 + -330?
-113212
In base 12, what is -3 - 5449a?
-544a1
In base 4, what is -310322321 + 30?
-310322231
In base 12, what is -92466 + 2?
-92464
In base 12, what is 2 - 3489?
-3487
In base 4, what is -2011313033 + 11?
-2011313022
In base 12, what is -6 + -1913?
-1919
In base 7, what is 3623 + 2110?
6033
In base 11, what is 57 - -603?
65a
In base 13, what is -6 + -2b150?
-2b156
In base 11, what is 2 + -109781?
-10977a
In base 14, what is -1 - 4359?
-435a
In base 4, what is -122210 - 100?
-122310
In base 14, what is -38c4 - -1?
-38c3
In base 2, what is 1010010 + 100101110011?
100111000101
In base 5, what is -10240140 + 0?
-10240140
In base 3, what is 21212012100 + -2?
21212012021
In base 2, what is -1001010111111 + 11?
-1001010111100
In base 3, what is -100020 + -1002?
-101022
In base 13, what is -4 - -23c?
238
In base 4, what is -31323131033 - 1?
-31323131100
In base 13, what is 17782 + 4?
17786
In base 16, what is 3f + 36fe?
373d
In base 10, what is 1 + 4772?
4773
In base 12, what is 4 + 14b18?
14b20
In base 5, what is -322311 + -20?
-322331
In base 14, what is -5a66 - -d?
-5a57
In base 16, what is dd + -3d8?
-2fb
In base 15, what is -142 - 3d?
-180
In base 12, what is 4b936 + 0?
4b936
In base 9, what is 425087 + 1?
425088
In base 6, what is 41 - 1224?
-1143
In base 13, what is -258 + -277?
-502
In base 16, what is -49 + -49d?
-4e6
In base 15, what is 19846 + 3?
19849
In base 4, what is -211 - 1331010?
-1331221
In base 14, what is 5159 - 10?
5149
In base 16, what is 11b - -88?
1a3
In base 6, what is -5235501 - 1?
-5235502
In base 16, what is 4bd8fc + 5?
4bd901
In base 16, what is 2a8 + -245?
63
In base 4, what is -310 - 23201?
-30111
In base 5, what is -4 - -23111041?
23111032
In base 6, what is 23552 - 2011?
21541
In base 3, what is 21221 - -122101?
221022
In base 11, what is a5959 - -2?
a5960
In base 8, what is -6 - 107647?
-107655
In base 7, what is 30 - 102554?
-102524
In base 13, what is 2 + -990?
-98b
In base 5, what is -21 + 11111401?
11111330
In base 10, what is -90 - -114?
24
In base 8, what is 15445032 + 4?
15445036
In base 3, what is 1 - 2000100?
-2000022
In base 12, what is -6476b + -3?
-64772
In base 6, what is 153 + -105?
44
In base 5, what is 14 + 34123444?
34124013
In base 10, what is -75725 - -17?
-75708
In base 8, what is 5571 - -4234?
12025
In base 10, what is 201 + -1264?
-1063
In base 6, what is 123351045 + 5?
123351054
In base 13, what is -4886c - -2?
-4886a
In base 6, what is -1443 + 1144?
-255
In base 5, what is 1114 + 42401?
44020
In base 9, what is 586 - -85?
682
In base 9, what is 388127 + -4?
388123
In base 2, what is 101111001 - -111011011?
1101010100
In base 16, what is -6 - -e99?
e93
In base 5, what is -20 + 1430342?
1430322
In base 15, what is -1e9aa - 5c?
-1ea17
In base 9, what is -2